a = -1 + -17. List the prime factors of (-748)/(-36) - 4/a.
3, 7
Let v(o) = -o - 17. Let q be v(-17). Suppose -l + 75 = -q. List the prime factors of l.
3, 5
Suppose -188 - 2023 = -3*c. What are the prime factors of c?
11, 67
Suppose 3*b + 2*b = -5. Let y(g) = g**2 - 4*g + 4. Let m be y(3). What are the prime factors of (m - b) + 1 - 0?
3
Let l be (2 + 0)*15/(-2). Let t = -67 - -73. Let g = t - l. What are the prime factors of g?
3, 7
Let b(i) = i**3 - 3*i**2 + 4. Suppose 0 = 2*u - 5 + 1. Let f = 2 + u. List the prime factors of b(f).
2, 5
Let j be (1 - -5)/(2 - 1). Let c(p) be the second derivative of -p**5/20 + 2*p**4/3 - p**3/6 + 7*p**2/2 - 3*p - 12. List the prime factors of c(j).
73
List the prime factors of 1*(-3)/(-12) - 3532/(-16).
13, 17
Suppose 1057 = k + 3*c, -596 - 491 = -k + 3*c. List the prime factors of k.
2, 67
Suppose 5*x = 0, -5*j + 49 = 4*x - 6. Let q = j - -1. List the prime factors of q.
2, 3
Suppose 3*j + 1997 = 5*v, -v + 105 = -4*j - 308. Suppose 0 = 7*y - 9 - v. List the prime factors of y.
2, 29
Suppose 0 = 40*r - 34*r - 3222. What are the prime factors of r?
3, 179
What are the prime factors of 1035 + (8/(-20))/((-1)/5)?
17, 61
Let t(b) = -313*b - 68. List the prime factors of t(-19).
5879
Suppose 0 = 6*x - 4*x - 3068. List the prime factors of x.
2, 13, 59
Suppose -2*l - 1659 = -5*o - l, -2*l - 670 = -2*o. List the prime factors of o.
331
Let l(h) = 7*h**3 - 17*h**2 + 31*h - 21. Let o(n) = -4*n**3 + 8*n**2 - 16*n + 10. Let d(z) = -3*l(z) - 5*o(z). List the prime factors of d(9).
2, 29
Let c be -7 - -8 - (-9 + 2). List the prime factors of c/(-6) - (-628)/12.
3, 17
Let h(k) = k**3 - 13*k**2 - 2. Let x be h(13). List the prime factors of ((-324)/(-10))/(x*(-2)/20).
2, 3
Let y = -2249 + 3746. What are the prime factors of y?
3, 499
Let b(f) = -11*f + 3. Suppose 4*d + 4*i = 0, -3*d + 1 = -8*d - 4*i. List the prime factors of b(d).
2, 7
What are the prime factors of (0 - 1)/((-6)/2718) + 4?
457
Let h(o) = 288*o - 407. What are the prime factors of h(6)?
1321
Suppose 0 = -4*h + 16, 0*k - h = 2*k + 882. Let f = k - -758. What are the prime factors of f?
3, 5, 7
Let i be (6/15)/((-2)/10). Let s be i - 29*(0 + -1). Suppose 4*t - s = t. List the prime factors of t.
3
Suppose -17*u + 2741 = -353. List the prime factors of u.
2, 7, 13
Let v(k) = 19*k**2 + 0*k**3 + k**3 + 64*k - 111*k + 15. List the prime factors of v(-21).
2, 3, 5
Suppose 4*l + 20 = 0, -l = 5*h - 4 - 11. Let j be -3 + (3*h)/4. Suppose j = -2*g + 2*v + 8, -3*g - v + 2*v = -10. List the prime factors of g.
3
Let z(d) = -906*d + 157. List the prime factors of z(-4).
19, 199
Let d(x) = -53*x + 8. Let l be d(-10). Suppose 0*s - 3*s - 2*b = -l, 5*b + 20 = 0. List the prime factors of s.
2, 7, 13
What are the prime factors of 5/((-25)/(-7062)) + 14/(-35)?
2, 353
Let j = 9 + -4. Let g be ((-3)/9)/(j/(-75)). Suppose b = g*b - 60. What are the prime factors of b?
3, 5
Let a(r) = -r**2 - 54*r - 11. What are the prime factors of a(-29)?
2, 3, 7, 17
Let n = 0 - -3. Suppose 7*v - 16 = n*v. List the prime factors of v/8 + (-18)/(-4).
5
Let s = 1 - -2. Suppose s*c = 5*c - 158. Suppose 4*g - d - 99 = 0, 0 = -2*g + 5*g + 4*d - c. What are the prime factors of g?
5
Suppose 2*v - 24 = -4*j, 0*j + 4*j + 4*v = 28. Let h(b) = 3*b + j*b - 19 - b**3 + 21 + b**2 - 6*b**2. List the prime factors of h(-7).
2, 11
Let q(a) = 229*a - 989. List the prime factors of q(13).
2, 7, 71
Suppose 2*p + 26 = -5*s, -2*p - 24 = 2*p - 4*s. Let q be p/12 + 8/(-6). What are the prime factors of 34 + (-3)/(-1 - q)?
31
Let z(a) be the third derivative of 7*a**6/360 - a**5/120 + a**4/12 + 7*a**2. Let n(c) be the second derivative of z(c). List the prime factors of n(2).
3
Suppose 4*g + 4 = 0, -5*l + 44*g + 6033 = 41*g. List the prime factors of l.
2, 3, 67
Let f be ((-6)/(-4))/(6/20). What are the prime factors of (2/1 - f) + 320?
317
Let y = 2135 + -1458. List the prime factors of y.
677
Suppose 6*f - 34 - 38 = 0. What are the prime factors of ((-6)/f)/(3/(-1524))?
2, 127
Suppose 190 = a + a. Suppose 2*z - 3*z = 65. Let u = a + z. What are the prime factors of u?
2, 3, 5
Let k = 53 - 62. Let i(o) = -o**3 - 8*o**2 + 7*o - 7. What are the prime factors of i(k)?
11
Let v = -2325 + 4323. List the prime factors of v.
2, 3, 37
Let t = -364 + 1094. What are the prime factors of t?
2, 5, 73
Let p = -1625 + 2311. What are the prime factors of p?
2, 7
Suppose -47*y + 2360 = -51*y. Let v = 832 + y. What are the prime factors of v?
2, 11
Suppose 1 - 6 = 5*s + 4*l, 2*s + 9 = -3*l. Let q(m) = m**3 - 5*m**2 - 6*m + 10. Let w be q(6). Suppose -s*z + 94 = w. List the prime factors of z.
2, 7
Let x(g) = g**2 + 41*g - 32. List the prime factors of x(12).
2, 151
Suppose -3*u + 150 = -396. List the prime factors of (u/4)/((-10)/(-20)).
7, 13
Let i(f) be the second derivative of f**3/3 - 3*f**2 - 13*f. List the prime factors of i(10).
2, 7
Let d(p) = 83*p**2 + p + 3. List the prime factors of d(-2).
3, 37
Let d be 24*((-9)/6 - -1)*2. What are the prime factors of d/(-5)*(-1 - (-22 - -1))?
2, 3
Suppose 3*d - 3*i - 9039 = 0, 3*i - 1059 + 7086 = 2*d. List the prime factors of d.
2, 3, 251
Suppose 12*p + 3982 = 23*p. List the prime factors of p.
2, 181
Let k be 2/(-13) - (-1422)/117. Suppose 3*d = -k*d + 4575. What are the prime factors of d?
5, 61
Suppose -180 = 4*q - q. List the prime factors of (4/(-5))/(1/q).
2, 3
Suppose 4*z - 2177 = -5*f - 249, 2*f + 2410 = 5*z. Let g = z - 340. List the prime factors of g.
2, 71
Let l(g) = g**3 + 16*g**2 + 23*g + 34. What are the prime factors of l(-10)?
2, 101
Let y(v) = 8*v + 35. Let p = 11 - 5. List the prime factors of y(p).
83
Let k(t) = 2*t**2 - 5*t + 1. Let q(p) = -p**3 - p - 1. Let s(a) = -k(a) - q(a). What are the prime factors of s(4)?
2, 7
Let i(l) = -2 + 0 + 2*l**2 + 5 + 2*l. Let n = 25 + -27. What are the prime factors of i(n)?
7
Let w = -2102 + 3022. What are the prime factors of w?
2, 5, 23
Let l be -2 + (-17622)/(-48) + (-1)/8. Suppose -435 = -4*r + l. List the prime factors of r.
2, 5
Let v = -18 + 12. Let f = 16 - 14. List the prime factors of -3*f*13/v.
13
Suppose -11*l - 1710 = -16*l. Let g = l - 222. What are the prime factors of g?
2, 3, 5
Let h = 55 - 15. Let y = -35 + h. What are the prime factors of y?
5
Let r(y) = -y**3 + 19*y**2 - 23*y + 33. Let w be r(14). Let l = -457 + w. List the prime factors of l.
2, 3, 13
Suppose 5*f = -5*o + 35, -2*o - f - 5 = -19. Let d = o + 30. What are the prime factors of d?
37
Suppose -5*j + 5*l = -545, 28*j + 313 = 31*j + 4*l. What are the prime factors of j?
107
Suppose 5*v + 0*v = -5*a + 4865, 4*v + 3*a - 3887 = 0. List the prime factors of v.
2, 11
Let o(r) = -27*r + 384. What are the prime factors of o(-13)?
3, 5, 7
Suppose -4*b = -8*b + 12. Suppose 5*t + 5*r - 65 = 0, b*r - 14 = -t + 7. List the prime factors of t.
3
Let a = -65 + 42. Let b = 70 - a. What are the prime factors of b?
3, 31
Let z(h) be the third derivative of -h**5/60 - h**4/2 - h**3 + 155*h**2. Let x be 16/(-2) + 1*-2. List the prime factors of z(x).
2, 7
Let x(h) = -h**3 + 11*h**2 + 3*h - 1. Let g(n) = 2*n**2 - 3*n - 9. Let y be (-38)/(-8) + (-18)/24. Let r be g(y). What are the prime factors of x(r)?
2
Suppose 4*g = -16, 0*q + 5*q = 3*g + 12. Suppose -v + 22 + 7 = q. What are the prime factors of v?
29
Let r = -24 + 25. Suppose -i + 2*q + r = -2*q, -90 = -5*i + 3*q. List the prime factors of i.
3, 7
Let l be 2/(-10) + 7/((-140)/(-104)). Suppose -l*o = -b - 9*o + 26, 2*o = -5*b + 76. What are the prime factors of b?
2, 7
Let j(b) = -9*b + 75. Let c be j(9). List the prime factors of (14 - 15)*c/(-4)*-2.
3
Suppose -3*f = 45 + 57. What are the prime factors of f*(-2)/4*(7 - 4)?
3, 17
Suppose 0 = -29*d - 54 + 228. Let k(p) = -6*p + 4. Let x(n) = 23*n - 17. Let w(y) = 22*k(y) + 6*x(y). List the prime factors of w(d).
2, 11
Suppose -y + 6*t = 3*t - 49, -4*y - 3*t + 121 = 0. List the prime factors of y.
2, 17
Let m be 4 - (-85 - 5 - 5). Suppose -243 + m = -3*w - 5*v, 0 = -5*w - 5*v + 240. What are the prime factors of w?
2, 3
Let z = -13 - -10. Let a be ((-4)/z)/((-18)/(-27)). Suppose 0 = -6*p + a*p + 44. List the prime factors of p.
11
Let b(y) = 7*y - 5 + 27 + 7*y + y**2 + 4*y. Let z be b(-17). Suppose 2*x + z*p = 11 + 54, -5*x + 122 = -p. List the prime factors o